{"id":149,"date":"2020-04-12T09:46:26","date_gmt":"2020-04-12T07:46:26","guid":{"rendered":"http:\/\/pastelspat.com\/?page_id=149"},"modified":"2026-01-12T13:28:27","modified_gmt":"2026-01-12T12:28:27","slug":"actualite","status":"publish","type":"page","link":"https:\/\/pastelspat.com\/index.php\/actualite\/","title":{"rendered":"Mon actualit\u00e9"},"content":{"rendered":"\t\t<div data-elementor-type=\"wp-page\" data-elementor-id=\"149\" class=\"elementor elementor-149\">\n\t\t\t\t\t\t<section class=\"elementor-section elementor-top-section elementor-element elementor-element-7d0f65a elementor-section-boxed elementor-section-height-default elementor-section-height-default\" data-id=\"7d0f65a\" data-element_type=\"section\" data-e-type=\"section\">\n\t\t\t\t\t\t<div class=\"elementor-container elementor-column-gap-default\">\n\t\t\t\t\t<div class=\"elementor-column elementor-col-100 elementor-top-column elementor-element elementor-element-1374f55\" data-id=\"1374f55\" data-element_type=\"column\" data-e-type=\"column\">\n\t\t\t<div class=\"elementor-widget-wrap elementor-element-populated\">\n\t\t\t\t\t\t<div class=\"elementor-element elementor-element-8c5e2b7 elementor-widget elementor-widget-text-editor\" data-id=\"8c5e2b7\" data-element_type=\"widget\" data-e-type=\"widget\" data-widget_type=\"text-editor.default\">\n\t\t\t\t<div class=\"elementor-widget-container\">\n\t\t\t\t\t\t\t\t\t<h2><strong>Salon d&rsquo;art de Meythet 74<\/strong><\/h2>\n<h2><strong>9 Octobre au 11 Novembre 2026<\/strong><\/h2>\n<h2><strong>Mairie d\u00e9l\u00e9gu\u00e9e de Meythet 74<\/strong><\/h2>\t\t\t\t\t\t\t\t<\/div>\n\t\t\t\t<\/div>\n\t\t\t\t\t<\/div>\n\t\t<\/div>\n\t\t\t\t\t<\/div>\n\t\t<\/section>\n\t\t\t\t<section class=\"elementor-section elementor-top-section elementor-element elementor-element-f2590fa elementor-section-boxed elementor-section-height-default elementor-section-height-default\" data-id=\"f2590fa\" data-element_type=\"section\" data-e-type=\"section\">\n\t\t\t\t\t\t<div class=\"elementor-container elementor-column-gap-default\">\n\t\t\t\t\t<div class=\"elementor-column elementor-col-100 elementor-top-column elementor-element elementor-element-b28ea96\" data-id=\"b28ea96\" data-element_type=\"column\" data-e-type=\"column\">\n\t\t\t<div class=\"elementor-widget-wrap elementor-element-populated\">\n\t\t\t\t\t\t<div class=\"elementor-element elementor-element-994f745 elementor-widget elementor-widget-text-editor\" data-id=\"994f745\" data-element_type=\"widget\" data-e-type=\"widget\" data-widget_type=\"text-editor.default\">\n\t\t\t\t<div class=\"elementor-widget-container\">\n\t\t\t\t\t\t\t\t\t<h1>\u00a0\u00a0\u00bb AU FIL DE L&rsquo;ART \u00ab\u00a0<\/h1>\n<h2>les 15 et 16 Novembre 2025<\/h2>\n<h2>Fillinges<\/h2>\t\t\t\t\t\t\t\t<\/div>\n\t\t\t\t<\/div>\n\t\t\t\t\t<\/div>\n\t\t<\/div>\n\t\t\t\t\t<\/div>\n\t\t<\/section>\n\t\t\t\t<section class=\"elementor-section elementor-top-section elementor-element elementor-element-c9a2a9a elementor-section-boxed elementor-section-height-default elementor-section-height-default\" data-id=\"c9a2a9a\" data-element_type=\"section\" data-e-type=\"section\">\n\t\t\t\t\t\t<div class=\"elementor-container elementor-column-gap-default\">\n\t\t\t\t\t<div class=\"elementor-column elementor-col-100 elementor-top-column elementor-element elementor-element-ed4a539\" data-id=\"ed4a539\" data-element_type=\"column\" data-e-type=\"column\">\n\t\t\t<div class=\"elementor-widget-wrap elementor-element-populated\">\n\t\t\t\t\t\t<div class=\"elementor-element elementor-element-2a10e03 elementor-widget elementor-widget-text-editor\" data-id=\"2a10e03\" data-element_type=\"widget\" data-e-type=\"widget\" data-widget_type=\"text-editor.default\">\n\t\t\t\t<div class=\"elementor-widget-container\">\n\t\t\t\t\t\t\t\t\t<div class=\"media-heading\" style=\"text-align: center;\"><a href=\"https:\/\/bibliotheques.annecy.fr\/\"><img fetchpriority=\"high\" decoding=\"async\" class=\"alignnone size-medium wp-image-1071\" src=\"https:\/\/pastelspat.com\/wp-content\/uploads\/2025\/01\/dis-moi-dix-mots-211x300.jpeg\" alt=\"\" width=\"211\" height=\"300\" srcset=\"https:\/\/pastelspat.com\/wp-content\/uploads\/2025\/01\/dis-moi-dix-mots-211x300.jpeg 211w, https:\/\/pastelspat.com\/wp-content\/uploads\/2025\/01\/dis-moi-dix-mots-722x1024.jpeg 722w, https:\/\/pastelspat.com\/wp-content\/uploads\/2025\/01\/dis-moi-dix-mots-768x1089.jpeg 768w, https:\/\/pastelspat.com\/wp-content\/uploads\/2025\/01\/dis-moi-dix-mots-1083x1536.jpeg 1083w, https:\/\/pastelspat.com\/wp-content\/uploads\/2025\/01\/dis-moi-dix-mots.jpeg 1166w\" sizes=\"(max-width: 211px) 100vw, 211px\" \/><br \/><\/a><\/div>\n<div class=\"media-heading\" style=\"text-align: center;\"><span style=\"color: #ffffff;\"><a style=\"color: #ffffff;\" href=\"https:\/\/bibliotheques.annecy.fr\/\">https:\/\/bibliotheques.annecy.fr\/<\/a><\/span><br \/><br \/><\/div>\n<div class=\"media-date\" style=\"text-align: center;\"><span style=\"color: #ffffff;\"><em><strong>Du mardi 4 mars au samedi 29 mars 2025<\/strong><\/em><\/span><\/div>\n<div>\u00a0<\/div>\n<div style=\"text-align: center;\"><span style=\"color: #ffffff;\"><em><strong>M\u00e9diath\u00e8que de Meythet\u00a0<\/strong><\/em><\/span><\/div>\n<div style=\"text-align: center;\"><span style=\"color: #ffffff;\"><em><strong>5 rue Fran\u00e7ois Vernex\u00a0,\u00a074960\u00a0Meythet, France.<\/strong><\/em><\/span><\/div>\n<div style=\"text-align: center;\"><span style=\"color: #ffffff;\"><em><strong>\u00a0<\/strong><\/em><\/span><\/div>\n<div class=\"media-date\" style=\"text-align: center;\"><span style=\"color: #000000;\"><strong>\u00a0<\/strong><\/span><\/div>\t\t\t\t\t\t\t\t<\/div>\n\t\t\t\t<\/div>\n\t\t\t\t\t<\/div>\n\t\t<\/div>\n\t\t\t\t\t<\/div>\n\t\t<\/section>\n\t\t\t\t<section class=\"elementor-section elementor-top-section elementor-element elementor-element-4f9ee19 elementor-section-boxed elementor-section-height-default elementor-section-height-default\" data-id=\"4f9ee19\" data-element_type=\"section\" data-e-type=\"section\">\n\t\t\t\t\t\t<div class=\"elementor-container elementor-column-gap-default\">\n\t\t\t\t\t<div class=\"elementor-column elementor-col-100 elementor-top-column elementor-element elementor-element-88f4aa1\" data-id=\"88f4aa1\" data-element_type=\"column\" data-e-type=\"column\">\n\t\t\t<div class=\"elementor-widget-wrap elementor-element-populated\">\n\t\t\t\t\t\t<div class=\"elementor-element elementor-element-495152f elementor-widget__width-initial elementor-widget elementor-widget-text-editor\" data-id=\"495152f\" data-element_type=\"widget\" data-e-type=\"widget\" data-widget_type=\"text-editor.default\">\n\t\t\t\t<div class=\"elementor-widget-container\">\n\t\t\t\t\t\t\t\t\t<h5 style=\"text-align: center;\"><span style=\"color: #ffffff;\"><img decoding=\"async\" class=\"alignnone size-full wp-image-1064\" src=\"https:\/\/pastelspat.com\/wp-content\/uploads\/2025\/01\/images.jpeg\" alt=\"\" width=\"189\" height=\"267\" \/>\u00a0<em>Art en Lac 2025<\/em><\/span><\/h5>\n<p style=\"text-align: center;\"><span style=\"color: #ffffff;\"><em>30-31 mai 1er juin 2025<\/em><\/span><\/p>\n<p style=\"text-align: center;\"><span style=\"color: #ffffff;\"><em>Ayn 73<\/em><\/span><\/p>\n<p style=\"text-align: center;\"><a href=\"https:\/\/www.facebook.com\/ArtenLac\/\">https:\/\/www.facebook.com\/ArtenLac\/<\/a>\u00a0<span style=\"color: #000000;\">\u00a0<\/span><\/p>\t\t\t\t\t\t\t\t<\/div>\n\t\t\t\t<\/div>\n\t\t\t\t\t<\/div>\n\t\t<\/div>\n\t\t\t\t\t<\/div>\n\t\t<\/section>\n\t\t\t\t<section class=\"elementor-section elementor-top-section elementor-element elementor-element-3f9845f elementor-section-boxed elementor-section-height-default elementor-section-height-default\" data-id=\"3f9845f\" data-element_type=\"section\" data-e-type=\"section\">\n\t\t\t\t\t\t<div class=\"elementor-container elementor-column-gap-default\">\n\t\t\t\t\t<div class=\"elementor-column elementor-col-100 elementor-top-column elementor-element elementor-element-18227a8\" data-id=\"18227a8\" data-element_type=\"column\" data-e-type=\"column\">\n\t\t\t<div class=\"elementor-widget-wrap elementor-element-populated\">\n\t\t\t\t\t\t<div class=\"elementor-element elementor-element-8daebd2 elementor-widget elementor-widget-text-editor\" data-id=\"8daebd2\" data-element_type=\"widget\" data-e-type=\"widget\" data-widget_type=\"text-editor.default\">\n\t\t\t\t<div class=\"elementor-widget-container\">\n\t\t\t\t\t\t\t\t\t<p style=\"text-align: center;\"><span style=\"color: #000000;\">\u00a0<span style=\"color: #ffffff;\">Salon d&rsquo;art de Meythet 74<\/span><\/span><\/p>\n<p style=\"text-align: center;\"><span style=\"color: #ffffff;\">10 Octobre au 11 Novembre 2025\u00a0<\/span><\/p>\n<p style=\"text-align: center;\"><span style=\"color: #ffffff;\">Mairie d\u00e9l\u00e9gu\u00e9e de Meythet 74<\/span><\/p>\t\t\t\t\t\t\t\t<\/div>\n\t\t\t\t<\/div>\n\t\t\t\t\t<\/div>\n\t\t<\/div>\n\t\t\t\t\t<\/div>\n\t\t<\/section>\n\t\t\t\t<section class=\"elementor-section elementor-top-section elementor-element elementor-element-0ee612c elementor-section-boxed elementor-section-height-default elementor-section-height-default\" data-id=\"0ee612c\" data-element_type=\"section\" data-e-type=\"section\">\n\t\t\t\t\t\t<div class=\"elementor-container elementor-column-gap-default\">\n\t\t\t\t\t<div class=\"elementor-column elementor-col-100 elementor-top-column elementor-element elementor-element-449d907\" data-id=\"449d907\" data-element_type=\"column\" data-e-type=\"column\">\n\t\t\t<div class=\"elementor-widget-wrap elementor-element-populated\">\n\t\t\t\t\t\t<div class=\"elementor-element elementor-element-2ecb091 elementor-widget elementor-widget-text-editor\" data-id=\"2ecb091\" data-element_type=\"widget\" data-e-type=\"widget\" data-widget_type=\"text-editor.default\">\n\t\t\t\t<div class=\"elementor-widget-container\">\n\t\t\t\t\t\t\t\t\t<p>\u00a0Salon d&rsquo;art de Meythet 74<\/p>\n<p>11 Octobre au 11 Novembre 2024\u00a0<\/p>\n<p>Mairie d\u00e9l\u00e9gu\u00e9e de Meythet 74<\/p>\t\t\t\t\t\t\t\t<\/div>\n\t\t\t\t<\/div>\n\t\t\t\t\t<\/div>\n\t\t<\/div>\n\t\t\t\t\t<\/div>\n\t\t<\/section>\n\t\t\t\t<section class=\"elementor-section elementor-top-section elementor-element elementor-element-86c7dab elementor-section-boxed elementor-section-height-default elementor-section-height-default\" data-id=\"86c7dab\" data-element_type=\"section\" data-e-type=\"section\">\n\t\t\t\t\t\t<div class=\"elementor-container elementor-column-gap-default\">\n\t\t\t\t\t<div class=\"elementor-column elementor-col-100 elementor-top-column elementor-element elementor-element-093f257\" data-id=\"093f257\" data-element_type=\"column\" data-e-type=\"column\">\n\t\t\t<div class=\"elementor-widget-wrap elementor-element-populated\">\n\t\t\t\t\t\t<div class=\"elementor-element elementor-element-3c4384b elementor-widget elementor-widget-heading\" data-id=\"3c4384b\" data-element_type=\"widget\" data-e-type=\"widget\" data-widget_type=\"heading.default\">\n\t\t\t\t<div class=\"elementor-widget-container\">\n\t\t\t\t\t<h2 class=\"elementor-heading-title elementor-size-default\">juin 2023<br>the art tunnel<br>Barcelona<\/h2>\t\t\t\t<\/div>\n\t\t\t\t<\/div>\n\t\t\t\t\t<\/div>\n\t\t<\/div>\n\t\t\t\t\t<\/div>\n\t\t<\/section>\n\t\t\t\t<section class=\"elementor-section elementor-top-section elementor-element elementor-element-ca0b14b elementor-section-boxed elementor-section-height-default elementor-section-height-default\" data-id=\"ca0b14b\" data-element_type=\"section\" data-e-type=\"section\">\n\t\t\t\t\t\t<div class=\"elementor-container elementor-column-gap-default\">\n\t\t\t\t\t<div class=\"elementor-column elementor-col-100 elementor-top-column elementor-element elementor-element-dc12979\" data-id=\"dc12979\" data-element_type=\"column\" data-e-type=\"column\">\n\t\t\t<div class=\"elementor-widget-wrap elementor-element-populated\">\n\t\t\t\t\t\t<div class=\"elementor-element elementor-element-5435593 elementor-widget elementor-widget-image\" data-id=\"5435593\" data-element_type=\"widget\" data-e-type=\"widget\" data-widget_type=\"image.default\">\n\t\t\t\t<div class=\"elementor-widget-container\">\n\t\t\t\t\t\t\t\t\t\t\t\t<figure class=\"wp-caption\">\n\t\t\t\t\t\t\t\t\t\t<img decoding=\"async\" width=\"750\" height=\"378\" src=\"https:\/\/pastelspat.com\/wp-content\/uploads\/2023\/02\/barcelone-1-1024x516.jpg\" class=\"attachment-large size-large wp-image-501\" alt=\"\" srcset=\"https:\/\/pastelspat.com\/wp-content\/uploads\/2023\/02\/barcelone-1-1024x516.jpg 1024w, https:\/\/pastelspat.com\/wp-content\/uploads\/2023\/02\/barcelone-1-300x151.jpg 300w, https:\/\/pastelspat.com\/wp-content\/uploads\/2023\/02\/barcelone-1-768x387.jpg 768w, https:\/\/pastelspat.com\/wp-content\/uploads\/2023\/02\/barcelone-1.jpg 1152w\" sizes=\"(max-width: 750px) 100vw, 750px\" \/>\t\t\t\t\t\t\t\t\t\t\t<figcaption class=\"widget-image-caption wp-caption-text\">J\u2019expose au sein d\u2019une Grande Oeuvre Collective sur une affiche spectaculaire        ,  Passeig de Gr\u00e0cia, la plus c\u00e9l\u00e8bre et la plus fr\u00e9quent\u00e9e des stations de m\u00e9tro au c\u0153ur de Barcelone <\/figcaption>\n\t\t\t\t\t\t\t\t\t\t<\/figure>\n\t\t\t\t\t\t\t\t\t<\/div>\n\t\t\t\t<\/div>\n\t\t\t\t\t<\/div>\n\t\t<\/div>\n\t\t\t\t\t<\/div>\n\t\t<\/section>\n\t\t\t\t<section class=\"elementor-section elementor-top-section elementor-element elementor-element-1e33401d elementor-section-boxed elementor-section-height-default elementor-section-height-default\" data-id=\"1e33401d\" data-element_type=\"section\" data-e-type=\"section\">\n\t\t\t\t\t\t<div class=\"elementor-container elementor-column-gap-default\">\n\t\t\t\t\t<div class=\"elementor-column elementor-col-100 elementor-top-column elementor-element elementor-element-1d2348e1\" data-id=\"1d2348e1\" data-element_type=\"column\" data-e-type=\"column\">\n\t\t\t<div class=\"elementor-widget-wrap elementor-element-populated\">\n\t\t\t\t\t\t<div class=\"elementor-element elementor-element-3481bd7b elementor-widget elementor-widget-text-editor\" data-id=\"3481bd7b\" data-element_type=\"widget\" data-e-type=\"widget\" data-widget_type=\"text-editor.default\">\n\t\t\t\t<div class=\"elementor-widget-container\">\n\t\t\t\t\t\t\t\t\t\n<p><strong><span style=\"color: #ffffff;\">Expo m\u00e9tro Paris Op\u00e9ra 2020 Berlin 2020<\/span><\/strong><\/p>\n\n<figure class=\"wp-block-image size-large is-style-default\"><img loading=\"lazy\" decoding=\"async\" width=\"620\" height=\"378\" class=\"wp-image-212\" src=\"http:\/\/pastelspat.com\/wp-content\/uploads\/2020\/04\/image.png\" alt=\"\" srcset=\"https:\/\/pastelspat.com\/wp-content\/uploads\/2020\/04\/image.png 620w, https:\/\/pastelspat.com\/wp-content\/uploads\/2020\/04\/image-300x183.png 300w\" sizes=\"(max-width: 620px) 100vw, 620px\" \/>\n<figcaption><a href=\"https:\/\/expometro.co\/\">https:\/\/expometro.co\/<\/a><\/figcaption>\n<\/figure>\n\n<p>\u00a0<\/p>\n\n<p>\u00a0<\/p>\n\n<p class=\"has-text-align-center\"><strong><span style=\"color: #ffffff;\">J&rsquo;ai expos\u00e9 du 15 au 21 septembre 2020 avec plein d&rsquo;autres artistes au m\u00e9tro Op\u00e9ra Lafayette \u00e0 Paris,<\/span><\/strong><\/p>\n<p><strong><span style=\"color: #ffffff;\"><\/span><\/strong><\/p>\n<p class=\"has-text-align-center\"><strong><span style=\"color: #ffffff;\">Station \u24c2\ufe0f\u00a0M\u00e9tro Chauss\u00e9e d&rsquo;Antin La Fayette \ud83d\ude87\u00a0Ligne 9 &#8211; Direction Montreuil\u00a0<\/span><\/strong><\/p>\n<p><strong><span style=\"color: #ffffff;\"><\/span><\/strong><\/p>\n<p class=\"has-text-align-center\"><strong><span style=\"color: #ffffff;\">et en octobre 2020<\/span><\/strong><\/p>\n<p><strong><span style=\"color: #ffffff;\"><\/span><\/strong><\/p>\n<p class=\"has-text-align-center\"><strong><span style=\"color: #ffffff;\">station <a style=\"color: #ffffff;\" href=\"https:\/\/expometro.co\/fr\/exhibition\/2020-berlin#info_expo\">Mehringdamm (U6, U7)<\/a> prestigieuse station de m\u00e9tro au coeur de Berlin.<\/span><\/strong><\/p>\n\t\t\t\t\t\t\t\t<\/div>\n\t\t\t\t<\/div>\n\t\t\t\t\t<\/div>\n\t\t<\/div>\n\t\t\t\t\t<\/div>\n\t\t<\/section>\n\t\t\t\t<\/div>\n\t\t","protected":false},"excerpt":{"rendered":"<p>Salon d&rsquo;art de Meythet 74 9 Octobre au 11 Novembre 2026 Mairie d\u00e9l\u00e9gu\u00e9e de Meythet 74 \u00a0\u00a0\u00bb AU FIL DE L&rsquo;ART \u00ab\u00a0 les 15 et . . .<\/p>\n","protected":false},"author":1,"featured_media":0,"parent":0,"menu_order":0,"comment_status":"closed","ping_status":"closed","template":"","meta":{"footnotes":""},"class_list":["post-149","page","type-page","status-publish","hentry"],"yoast_head":"<!-- This site is optimized with the Yoast SEO plugin v27.5 - https:\/\/yoast.com\/product\/yoast-seo-wordpress\/ -->\n<title>Mon actualit\u00e9 - Pastelspat<\/title>\n<meta name=\"robots\" content=\"index, follow, max-snippet:-1, max-image-preview:large, max-video-preview:-1\" \/>\n<link rel=\"canonical\" href=\"https:\/\/pastelspat.com\/index.php\/actualite\/\" \/>\n<meta property=\"og:locale\" content=\"fr_FR\" \/>\n<meta property=\"og:type\" content=\"article\" \/>\n<meta property=\"og:title\" content=\"Mon actualit\u00e9 - Pastelspat\" \/>\n<meta property=\"og:description\" content=\"Salon d&rsquo;art de Meythet 74 9 Octobre au 11 Novembre 2026 Mairie d\u00e9l\u00e9gu\u00e9e de Meythet 74 \u00a0\u00a0\u00bb AU FIL DE L&rsquo;ART \u00ab\u00a0 les 15 et . . .\" \/>\n<meta property=\"og:url\" content=\"https:\/\/pastelspat.com\/index.php\/actualite\/\" \/>\n<meta property=\"og:site_name\" content=\"Pastelspat\" \/>\n<meta property=\"article:modified_time\" content=\"2026-01-12T12:28:27+00:00\" \/>\n<meta property=\"og:image\" content=\"https:\/\/pastelspat.com\/wp-content\/uploads\/2025\/01\/dis-moi-dix-mots.jpeg\" \/>\n\t<meta property=\"og:image:width\" content=\"1166\" \/>\n\t<meta property=\"og:image:height\" content=\"1654\" \/>\n\t<meta property=\"og:image:type\" content=\"image\/jpeg\" \/>\n<meta name=\"twitter:card\" content=\"summary_large_image\" \/>\n<meta name=\"twitter:label1\" content=\"Dur\u00e9e de lecture estim\u00e9e\" \/>\n\t<meta name=\"twitter:data1\" content=\"3 minutes\" \/>\n<script type=\"application\/ld+json\" class=\"yoast-schema-graph\">{\"@context\":\"https:\\\/\\\/schema.org\",\"@graph\":[{\"@type\":\"WebPage\",\"@id\":\"https:\\\/\\\/pastelspat.com\\\/index.php\\\/actualite\\\/\",\"url\":\"https:\\\/\\\/pastelspat.com\\\/index.php\\\/actualite\\\/\",\"name\":\"Mon actualit\u00e9 - Pastelspat\",\"isPartOf\":{\"@id\":\"https:\\\/\\\/pastelspat.com\\\/#website\"},\"primaryImageOfPage\":{\"@id\":\"https:\\\/\\\/pastelspat.com\\\/index.php\\\/actualite\\\/#primaryimage\"},\"image\":{\"@id\":\"https:\\\/\\\/pastelspat.com\\\/index.php\\\/actualite\\\/#primaryimage\"},\"thumbnailUrl\":\"https:\\\/\\\/pastelspat.com\\\/wp-content\\\/uploads\\\/2025\\\/01\\\/dis-moi-dix-mots-211x300.jpeg\",\"datePublished\":\"2020-04-12T07:46:26+00:00\",\"dateModified\":\"2026-01-12T12:28:27+00:00\",\"breadcrumb\":{\"@id\":\"https:\\\/\\\/pastelspat.com\\\/index.php\\\/actualite\\\/#breadcrumb\"},\"inLanguage\":\"fr-FR\",\"potentialAction\":[{\"@type\":\"ReadAction\",\"target\":[\"https:\\\/\\\/pastelspat.com\\\/index.php\\\/actualite\\\/\"]}]},{\"@type\":\"ImageObject\",\"inLanguage\":\"fr-FR\",\"@id\":\"https:\\\/\\\/pastelspat.com\\\/index.php\\\/actualite\\\/#primaryimage\",\"url\":\"https:\\\/\\\/pastelspat.com\\\/wp-content\\\/uploads\\\/2025\\\/01\\\/dis-moi-dix-mots.jpeg\",\"contentUrl\":\"https:\\\/\\\/pastelspat.com\\\/wp-content\\\/uploads\\\/2025\\\/01\\\/dis-moi-dix-mots.jpeg\",\"width\":1166,\"height\":1654},{\"@type\":\"BreadcrumbList\",\"@id\":\"https:\\\/\\\/pastelspat.com\\\/index.php\\\/actualite\\\/#breadcrumb\",\"itemListElement\":[{\"@type\":\"ListItem\",\"position\":1,\"name\":\"Accueil\",\"item\":\"https:\\\/\\\/pastelspat.com\\\/\"},{\"@type\":\"ListItem\",\"position\":2,\"name\":\"Mon actualit\u00e9\"}]},{\"@type\":\"WebSite\",\"@id\":\"https:\\\/\\\/pastelspat.com\\\/#website\",\"url\":\"https:\\\/\\\/pastelspat.com\\\/\",\"name\":\"Pastelspat\",\"description\":\"\",\"potentialAction\":[{\"@type\":\"SearchAction\",\"target\":{\"@type\":\"EntryPoint\",\"urlTemplate\":\"https:\\\/\\\/pastelspat.com\\\/?s={search_term_string}\"},\"query-input\":{\"@type\":\"PropertyValueSpecification\",\"valueRequired\":true,\"valueName\":\"search_term_string\"}}],\"inLanguage\":\"fr-FR\"}]}<\/script>\n<!-- \/ Yoast SEO plugin. -->","yoast_head_json":{"title":"Mon actualit\u00e9 - Pastelspat","robots":{"index":"index","follow":"follow","max-snippet":"max-snippet:-1","max-image-preview":"max-image-preview:large","max-video-preview":"max-video-preview:-1"},"canonical":"https:\/\/pastelspat.com\/index.php\/actualite\/","og_locale":"fr_FR","og_type":"article","og_title":"Mon actualit\u00e9 - Pastelspat","og_description":"Salon d&rsquo;art de Meythet 74 9 Octobre au 11 Novembre 2026 Mairie d\u00e9l\u00e9gu\u00e9e de Meythet 74 \u00a0\u00a0\u00bb AU FIL DE L&rsquo;ART \u00ab\u00a0 les 15 et . . .","og_url":"https:\/\/pastelspat.com\/index.php\/actualite\/","og_site_name":"Pastelspat","article_modified_time":"2026-01-12T12:28:27+00:00","og_image":[{"width":1166,"height":1654,"url":"https:\/\/pastelspat.com\/wp-content\/uploads\/2025\/01\/dis-moi-dix-mots.jpeg","type":"image\/jpeg"}],"twitter_card":"summary_large_image","twitter_misc":{"Dur\u00e9e de lecture estim\u00e9e":"3 minutes"},"schema":{"@context":"https:\/\/schema.org","@graph":[{"@type":"WebPage","@id":"https:\/\/pastelspat.com\/index.php\/actualite\/","url":"https:\/\/pastelspat.com\/index.php\/actualite\/","name":"Mon actualit\u00e9 - Pastelspat","isPartOf":{"@id":"https:\/\/pastelspat.com\/#website"},"primaryImageOfPage":{"@id":"https:\/\/pastelspat.com\/index.php\/actualite\/#primaryimage"},"image":{"@id":"https:\/\/pastelspat.com\/index.php\/actualite\/#primaryimage"},"thumbnailUrl":"https:\/\/pastelspat.com\/wp-content\/uploads\/2025\/01\/dis-moi-dix-mots-211x300.jpeg","datePublished":"2020-04-12T07:46:26+00:00","dateModified":"2026-01-12T12:28:27+00:00","breadcrumb":{"@id":"https:\/\/pastelspat.com\/index.php\/actualite\/#breadcrumb"},"inLanguage":"fr-FR","potentialAction":[{"@type":"ReadAction","target":["https:\/\/pastelspat.com\/index.php\/actualite\/"]}]},{"@type":"ImageObject","inLanguage":"fr-FR","@id":"https:\/\/pastelspat.com\/index.php\/actualite\/#primaryimage","url":"https:\/\/pastelspat.com\/wp-content\/uploads\/2025\/01\/dis-moi-dix-mots.jpeg","contentUrl":"https:\/\/pastelspat.com\/wp-content\/uploads\/2025\/01\/dis-moi-dix-mots.jpeg","width":1166,"height":1654},{"@type":"BreadcrumbList","@id":"https:\/\/pastelspat.com\/index.php\/actualite\/#breadcrumb","itemListElement":[{"@type":"ListItem","position":1,"name":"Accueil","item":"https:\/\/pastelspat.com\/"},{"@type":"ListItem","position":2,"name":"Mon actualit\u00e9"}]},{"@type":"WebSite","@id":"https:\/\/pastelspat.com\/#website","url":"https:\/\/pastelspat.com\/","name":"Pastelspat","description":"","potentialAction":[{"@type":"SearchAction","target":{"@type":"EntryPoint","urlTemplate":"https:\/\/pastelspat.com\/?s={search_term_string}"},"query-input":{"@type":"PropertyValueSpecification","valueRequired":true,"valueName":"search_term_string"}}],"inLanguage":"fr-FR"}]}},"_links":{"self":[{"href":"https:\/\/pastelspat.com\/index.php\/wp-json\/wp\/v2\/pages\/149","targetHints":{"allow":["GET"]}}],"collection":[{"href":"https:\/\/pastelspat.com\/index.php\/wp-json\/wp\/v2\/pages"}],"about":[{"href":"https:\/\/pastelspat.com\/index.php\/wp-json\/wp\/v2\/types\/page"}],"author":[{"embeddable":true,"href":"https:\/\/pastelspat.com\/index.php\/wp-json\/wp\/v2\/users\/1"}],"replies":[{"embeddable":true,"href":"https:\/\/pastelspat.com\/index.php\/wp-json\/wp\/v2\/comments?post=149"}],"version-history":[{"count":128,"href":"https:\/\/pastelspat.com\/index.php\/wp-json\/wp\/v2\/pages\/149\/revisions"}],"predecessor-version":[{"id":1303,"href":"https:\/\/pastelspat.com\/index.php\/wp-json\/wp\/v2\/pages\/149\/revisions\/1303"}],"wp:attachment":[{"href":"https:\/\/pastelspat.com\/index.php\/wp-json\/wp\/v2\/media?parent=149"}],"curies":[{"name":"wp","href":"https:\/\/api.w.org\/{rel}","templated":true}]}}